*2 + 8*q - 12. What is f(3)?
-411
Let m(q) = -2*q**3 + 15*q**2 - 17*q. Calculate m(6).
6
Let r(s) = 16*s - 539. Give r(38).
69
Let w(k) = -40*k - 212. Determine w(-10).
188
Let t(b) = -2*b**2 + 53*b - 474. Determine t(12).
-126
Let n(w) = -w**2 + 2*w - 4. Give n(0).
-4
Let m(l) = 810*l + 2597. What is m(-3)?
167
Let o(t) = -t**2 - 22*t - 526. What is o(-14)?
-414
Let m(s) = -249*s - 1761. What is m(-7)?
-18
Let q(s) = -6*s**2 + 8*s + 20. Give q(8).
-300
Let j(x) = -22*x - 308. Give j(-16).
44
Let p(x) = 2*x**3 - 2*x - 5. What is p(-3)?
-53
Let b(m) = 2*m**3 + 13*m**2 + 15*m - 9. Determine b(-8).
-321
Let f(x) = -19*x**3 + 2*x**2 - 3*x - 1. Give f(1).
-21
Let w(n) = n**2 + 56*n + 488. Determine w(-12).
-40
Let t(f) = 78*f - 825. What is t(8)?
-201
Let o(l) = -l**3 + 23*l**2 - 51*l + 149. Give o(21).
-40
Let j(d) = 3552*d + 56801. What is j(-16)?
-31
Let y(v) = -v**3 - 48*v**2 - 53*v - 286. What is y(-47)?
-4
Let q(s) = 23*s - 1297. Calculate q(59).
60
Let a(n) = -n + 35. Determine a(-46).
81
Let h(o) = -o**2 + 31*o - 74. What is h(17)?
164
Let s(b) = 4*b**3 - 8*b**2 - 27*b - 1. Calculate s(-4).
-277
Let o(l) = -19*l - 760. What is o(-24)?
-304
Let f(h) = 5139*h - 5136. What is f(1)?
3
Let w(y) = -38*y + 124. Determine w(3).
10
Let y(h) = 97*h - 15296. Calculate y(158).
30
Let l(v) = -v**3 - 100*v**2 + 1965*v - 2812. What is l(-117)?
-4
Let m(c) = -5*c**3 + 36*c**2 + 19*c + 35. Calculate m(8).
-69
Let i(l) = l**2 - 518*l - 2096. Calculate i(-4).
-8
Let n(b) = -25*b - 195. What is n(-11)?
80
Let g(f) = -19*f**2 + 2083*f + 773. Determine g(110).
3
Let i(o) = 253*o - 757. What is i(3)?
2
Let g(c) = -c**2 - 55*c + 1296. Calculate g(-62).
862
Let t(j) = 124*j**2 - 5. Determine t(2).
491
Let z(r) = 533*r + 248906. Calculate z(-467).
-5
Let q(b) = -363*b + 4036. Determine q(11).
43
Let l(t) = -73*t**2 - 1022*t + 3. Calculate l(-14).
3
Let t(y) = -4*y**2 + 267*y - 25. Determine t(0).
-25
Let s(u) = 2*u**3 + 5*u**2 - 3*u - 24. Determine s(-3).
-24
Let k(d) = 18*d**3 - 39*d**2 - 110*d + 216. Determine k(2).
-16
Let d(l) = 2*l**3 + 7*l**2 + 17*l + 31. What is d(-3)?
-11
Let b(a) = 41*a - 527. Calculate b(7).
-240
Let c(r) = 8*r**2 + 439*r - 15. Determine c(-55).
40
Let l(x) = 2*x**3 + 10*x**2 + 355*x + 694. Give l(-2).
8
Let n(w) = -w**3 - 13*w**2 + 158*w + 1874. Give n(-10).
-6
Let x(n) = n**3 - 14*n**2 - 127*n + 141. Calculate x(20).
1
Let u(h) = 358*h**2 - 12*h - 14. What is u(-1)?
356
Let p(r) = 167*r + 830. What is p(-5)?
-5
Let v(b) = -b**2 - 155*b - 5411. Determine v(-102).
-5
Let n(w) = -3*w**2 + 97*w + 67. Give n(33).
1
Let y(u) = -3*u**3 - 29*u**2 - 19*u + 13. Calculate y(-9).
22
Let p(d) = -3*d**2 - 41*d + 37. Determine p(-15).
-23
Let k(f) = -f**3 + f**2 - 36*f + 174. Determine k(4).
-18
Let u(v) = -v**3 + 9*v**2 - 10*v + 19. What is u(8)?
3
Let m(g) = -3729*g + 14909. Calculate m(4).
-7
Let s(j) = j**3 - 59*j**2 - 23*j + 1349. Determine s(59).
-8
Let v(n) = n**3 - 2*n**2 - 12*n + 23. What is v(5)?
38
Let w(z) = 2*z**3 - z**2 - 20*z + 40. Determine w(6).
316
Let o(u) = 91*u**2 - 103*u + 206. Determine o(2).
364
Let c(y) = -20*y**2 - 52*y. What is c(-5)?
-240
Let k(w) = 4356*w + 52282. Give k(-12).
10
Let v(k) = 230*k - 6647. Give v(29).
23
Let t(a) = -a**2 + a + 324. Calculate t(-15).
84
Let d(b) = -7*b**2 + 80*b - 164. Give d(7).
53
Let d(x) = 2*x**3 + 67*x**2 + 370*x - 9. Calculate d(-26).
511
Let j(o) = -2*o**3 - 41*o**2 + 85*o + 7. Give j(2).
-3
Let k(w) = -52*w**2 - 217*w - 13. Give k(-4).
23
Let m(y) = -y**3 - 8*y**2 - 21*y - 87. Determine m(-6).
-33
Let o(y) = -y**3 + 21*y**2 + 79*y - 18. What is o(24)?
150
Let x(h) = 15*h**2 - 444*h + 32. Determine x(30).
212
Let p(y) = -3*y**2 - 13*y - 62. Calculate p(-5).
-72
Let q(w) = 2*w**2 + 117*w + 405. Give q(-55).
20
Let h(w) = 7*w - 94. Calculate h(20).
46
Let n(q) = -2082*q + 18715. Calculate n(9).
-23
Let p(k) = k**3 + 67*k**2 + 126*k + 3978. Give p(-66).
18
Let q(a) = -a**3 + 37*a**2 - 38*a + 83. Determine q(36).
11
Let q(r) = -131*r + 20828. Give q(159).
-1
Let v(j) = -5*j + 147. Calculate v(8).
107
Let w(r) = -9*r**3 - 32*r**2 - 6*r + 31. What is w(-3)?
4
Let h(q) = -q**2 - 103*q - 2582. Calculate h(-41).
-40
Let b(v) = -4*v**2 - 29*v + 9. Calculate b(-9).
-54
Let a(d) = 43*d + 289. Give a(-6).
31
Let n(k) = -k**3 - 66*k**2 + 67*k + 33. Calculate n(-67).
33
Let s(u) = -u**3 + 3*u**2 + 4*u - 3. Give s(4).
-3
Let j(x) = -2*x**3 - 34*x**2 - 2*x + 202. Give j(-16).
-278
Let x(o) = 2*o**3 - 3*o**2 - 40*o + 12. Calculate x(7).
271
Let b(x) = -423*x + 48228. Calculate b(114).
6
Let k(q) = q**3 - 36*q**2 + 67*q - 22. Determine k(34).
-56
Let x(g) = 56*g**2 - 6*g - 5. Determine x(-1).
57
Let p(y) = -y**2 + 12*y - 18. Give p(8).
14
Let g(i) = -2*i**2 - 11*i - 20. Calculate g(-9).
-83
Let h(k) = -k**3 + 26*k**2 - 51*k + 69. What is h(24)?
-3
Let x(r) = 918*r + 5491. What is x(-6)?
-17
Let a(c) = c**3 + 9*c**2 - 28*c - 69. What is a(-11)?
-3
Let m(u) = -2*u**2 + 37*u + 41. Give m(15).
146
Let u(m) = -8*m**2 + 5. What is u(2)?
-27
Let n(s) = s**3 + 41*s**2 - 38*s + 157. What is n(-42)?
-11
Let g(j) = -2*j**2 + 158*j + 3127. Give g(96).
-137
Let v(u) = -2309*u + 101600. What is v(44)?
4
Let n(b) = -28*b + 1055. Determine n(38).
-9
Let p(k) = -36*k**3 + 180*k**2 + 14*k - 68. Give p(5).
2
Let q(b) = 2*b**3 - 12*b**2 + 31*b - 13. Calculate q(5).
92
Let m(f) = -287*f**3 - 8*f + 9. Calculate m(1).
-286
Let x(j) = -170*j + 44542. What is x(262)?
2
Let f(a) = 6*a**2 - 63*a - 44. What is f(11)?
-11
Let m(f) = -f**3 - 18*f**2 + 34*f + 228. Calculate m(-19).
-57
Let y(b) = -5*b**3 - 91*b**2 + 19*b + 666. Calculate y(-18).
0
Let n(f) = 1938*f + 23256. What is n(-12)?
0
Let x(m) = 2*m**3 - 127*m**2 + 42*m + 1323. What is x(63)?
0
Let c(n) = 18*n**3 - 92*n**2 + 14*n - 13. Calculate c(5).
7
Let q(t) = -61*t - 1351. Determine q(-22).
-9
Let o(z) = z**2 + 14*z + 14. Give o(-3).
-19
Let l(u) = 2*u**2 + 188*u - 754. Calculate l(4).
30
Let v(f) = 10*f - 133. Give v(13).
-3
Let z(w) = -2*w**3 - 4*w**2 + 128*w - 15. What is z(7)?
-1
Let l(h) = 5*h**2 - 243*h - 885. Determine l(52).
-1
Let k(x) = -258*x + 2327. Calculate k(9).
5
Let p(h) = h**2 - 28*h + 207. Calculate p(19).
36
Let g(j) = -3940*j + 3935. What is g(1)?
-5
Let m(i) = -i**2 - 8*i + 119. Calculate m(-16).
-9
Let o(z) = 727*z - 10911. What is o(15)?
-6
Let b(r) = 20*r**2 - 1042*r + 99. Determine b(52).
-5
Let w(p) = 12*p**2 + 131*p - 16. Calculate w(-11).
-5
Let x(t) = 60*t + 7. Give x(-2).
-113
Let w(j) = -j**2 + 27*j - 199. Determine w(13).
-17
Let u(q) = 9*q**3 + 3*q**2 - 2*q + 2. Determine u(2).
82
Let f(b) = b**3 - 7*b**2 - 7*b - 38. What is f(11)?
369
Let q(o) = -2*o**3 - 6*o**2 - 53*o - 166. What is q(-3)?
-7
Let g(h) = 204*h + 16566. Determine g(-81).
42
Let w(s) = -13*s**2 + 19*s - 10. Determine w(4).
-142
Let w(u) = u**3 - 2*u**2 + u - 55. Determine w(0).
-55
Let h(q) = -q**3 + 13*q**2 - 32*q + 30. Determine h(11).
-80
Let h(k) = 6*k**2 + 231*k - 113. Give h(-39).
4
Let u(m) = -3*m**2 - 99*m + 124. What is u(-34)?
22
Let c(x) = -8*x**2 - 6*x - 21. What is c(-3)?
-75
Let q(j) = 2*j**3 + 144*j**2 + 269*j - 865. Calculate q(-70).
-95
Let t(y) = -11940*y + 47762. Calculate t(4).
2
Let u(n) = -n**3 - 17*n**2 - 63*n + 10. Determine u(-12).
46
Let y(b) = -2*b**2 - 365*b + 1468. What is y(4)?
-24
Let g(r) = 11*r**2 + 299*r + 44. Give g(-27).
-10
Let g(b) = -424*b - 3240. Determine g(-8).
152
Let w(s) = s**3 - 16*s**2 + 7*s - 80. Determine w(17).
328
Let n(p) = -p**3 + 5*p**2 + 59*p + 152. Give n(11).
75
Let i(d) = d**3 + 13*d**2 + 4*d + 56. Give i(-13).
4
Let n(i) = 2*i + 26. Determine n(16).
58
Let g(o) = o**2 - 59*o + 678. Give g(15).
18
Let t(c) = 35*c + 834. Give t(-22).
64
Let r(b) = 16*b**2 - 127*b. Give r(8).
8
Let k(x) = 365*x - 928. Give k(3).
167
Let o(p) = -p**3 + 10*p**2 + 61*p - 74. Calculate o(14).
-4
Let m(d) = 11*d - 123. What is m(3)?
-90
Let u(g) = -53*g + 453. What is u(4)?
241
Let x(a) = 156*a + 1824. Calculate x(-12).
-48
Let l(i) = 7*i**3 - i**2 + 399*i - 397. Determine l(1).
8
Let k(q) = q**3 - 33*q**2 - 11*q - 790. Give k(34).
-8
Let f(i) = i**3 - 2*i**2 + 77*i - 233. Determine f(3).
7
Let i(u) = -82*u + 2094. Determine i(23).
208
Let l(u) = -u**3 - 4*u**2 + 22*u - 47. Calculate l(-8).
33
Let s(f) = -179*f**2 + 535*f + 13. Calculat